*2 - 2*y. What is k(c)?
8
Let g(b) be the first derivative of b**2/2 - 3*b + 5. Determine g(-7).
-10
Let f be 3/(-12) - (-18)/8. Let g be (f + 0)/(-2) - -3. Let q = 5 - g. Let c(z) = z**3 - 2*z**2 - 3*z - 2. Give c(q).
-2
Let f(n) = -3*n - n - n + 16 - 11 + n**2. What is f(5)?
5
Suppose 12 = -4*x, -2*j + 4*x = -7*j + 3. Suppose -2*i + j*l = i + 12, -4*l = -i - 16. Let a(g) = 2*g - g + i*g + 5. Give a(-5).
0
Let r(q) = -3*q**2 - 5*q**2 + q**3 - 2*q + 5*q**2 + 5 + 0*q. Calculate r(4).
13
Let b(h) = -5*h**2 + 4*h + 5. Let j(r) = r**2 - r - 1. Let o(c) = b(c) + 4*j(c). What is o(3)?
-8
Let g be 1/(-2)*0/(-4). Suppose d - 2*d + 5 = g. Let x(t) be the third derivative of t**4/24 + t**3/3 + t**2. What is x(d)?
7
Suppose -5*c - 2 = 18. Let m(f) be the third derivative of 0 + 1/3*f**3 + 0*f + 1/4*f**4 - 1/120*f**6 - 1/20*f**5 + 2*f**2. Calculate m(c).
-6
Let h(m) = 7*m**3 + 8*m**2 - 10*m + 17. Suppose 0 = b - 2 - 0. Let c(q) = 3*q**3 + 4*q**2 - 5*q + 8. Let a(j) = b*h(j) - 5*c(j). Let y = 19 + -24. Give a(y).
-6
Let w(r) = r**3 - 4*r**2 - 5*r - 3. Suppose 24 = 4*z + m + m, -4*z + 30 = 5*m. Give w(z).
-3
Suppose x = -3*p + 5, x - 7 = -0*p - 4*p. Suppose -t + 7 = p*k, 3*k - 7 = -4*t + 11. Let v(o) = o**2 - 2*o + 2. Determine v(t).
5
Suppose 48 = -44*u + 56*u. Let d(h) = -2*h**3 - 3*h**2 + 3*h - 6. Let s(f) = f**3 + f**2 - f + 3. Let z(l) = -6*d(l) - 13*s(l). What is z(u)?
-7
Suppose -2*g = -5*q + 8*q + 16, 0 = -5*q - 2*g - 24. Let x(n) = n**3 + 3*n**2 - 4*n + 3. Calculate x(q).
3
Let r(h) = h**3 + 6*h**2 + 3*h - 4. Let t(i) = -i**3 + 7*i**2 - 7*i + 1. Let b = 6 - 0. Let w be t(b). What is r(w)?
6
Let f(j) = -4 - 4*j**2 + 0*j - 2*j**3 + 5*j**3 - 3*j - 2*j**3. Suppose -4*a - 46 = -18. Let m = a + 12. What is f(m)?
6
Suppose -3*r + 90 = -0*r. Let g be (-5)/(r/(-8))*-3. Let l(d) = 2*d - 2. What is l(g)?
-10
Let s(n) = 4*n + 12*n**2 + 3*n - 10*n**2 - 3*n**2. Give s(6).
6
Let o(f) be the third derivative of -f**5/60 + f**4/8 + 2*f**3/3 - 43*f**2. What is o(-4)?
-24
Let g(k) be the third derivative of 1/6*k**3 + 0 + 0*k + 1/4*k**4 - 1/60*k**5 - k**2. Let o(v) be the first derivative of g(v). Determine o(4).
-2
Let w(r) = r**3 + 4*r**2 - r + 4. Let z be 3 - (2 + -1)/(-1). Suppose 5 = -h + z. Let k(c) = 3*c**3 - 1. Let n be k(h). What is w(n)?
8
Let s(u) be the third derivative of 0*u - 5/6*u**3 + 1/60*u**5 + 0 + 5/24*u**4 + 2*u**2. Give s(-6).
1
Suppose -3*l = 5 - 17. Let f be 1 + l + 2 + -3. Let c(k) be the third derivative of k**5/60 - 5*k**4/24 + k**3/2 + k**2. What is c(f)?
-1
Let b be (-4 - (1 + -2)) + 4. Let n(c) = 3*c - 5*c**2 + b - 3*c + 0*c - 2*c. Let o = -9 + 10. What is n(o)?
-6
Let d(k) = -2*k**2 - k. Let i be (-15)/(-21) + (-4)/(-14). Suppose -o + 0*o = -i. Let n be (o + -2)*(0 + 2). Calculate d(n).
-6
Let v(h) = -9*h**3 - h**2 - 2*h - 1. Let x be (-4)/(-12)*15/10*-2. Determine v(x).
9
Suppose 17 = -4*u + 5*n, 0*u - 2*n - 10 = 4*u. Let h(p) = p + 1. What is h(u)?
-2
Let o(r) = r**3 - 3*r**2 - 5*r + 1. Let m(l) = -l**2 + 12*l + 3. Let p be m(10). Suppose -3*v + 27 = 5*q, -v + 3*v - p = -5*q. Determine o(v).
-3
Let c(f) = 3*f**2 - 11*f**2 + 1 - 5*f + 3*f. Calculate c(1).
-9
Let b(l) be the first derivative of 2*l**2 + 2*l - 43. Give b(1).
6
Let p(f) = 5. Let b(y) = y - 1. Let o(u) = 2*b(u) + p(u). Determine o(-7).
-11
Let p(b) = 3*b**2. Let r = 11 + -10. Let s be r/(-3) + (-8)/(-6). What is p(s)?
3
Let v(l) be the first derivative of l**2/2 + l - 7. What is v(2)?
3
Suppose -6 = l - 1. Let a(d) = 0*d**2 - d**2 + 6 - 7*d + 2*d. Calculate a(l).
6
Let u(c) = -2*c**2 - 5*c + 2. Let h = 8 + -6. Suppose -h*m - 4 = -m. Calculate u(m).
-10
Let n(l) = -l**2 - l - 5. Let v(p) = -4*p**2 - 4*p - 7. Let b(c) = c**2 + c - 1. Let z(j) = -2*b(j) - v(j). Let u(f) = -5*n(f) - 3*z(f). Give u(2).
-8
Let v be 1/(3 - (-34)/(-12)). Let t(h) = 0*h**2 - 7*h**2 + 0*h**2 - h**3 - v - 6*h. Calculate t(-6).
-6
Suppose 4*r - 4 = 4. Let l(c) = 2*c - c**3 + 5*c**2 - 5*c + 0*c**r + 6. Calculate l(4).
10
Let y(z) = 39 - 27*z - 49 + 28*z. Calculate y(7).
-3
Suppose -7*w = -2*w - 3*r + 58, -5*w - 52 = 3*r. Let q(v) = v + 7. Give q(w).
-4
Let j(x) = -x**3 + 10*x**2 - 10*x + 15. Let o be j(9). Let g(s) = -s**2 + 8*s - 8. Determine g(o).
4
Let h(q) = -q**3 + 17*q**2 - 5. Let n be h(17). Let x(u) = -u**2 - u + 8 - 4*u - 1. Calculate x(n).
7
Let y(i) = -2*i + 21. Suppose 60 = 5*r - 0*r. Let z be y(r). Let k(n) = n**2 + n - 1. Give k(z).
5
Let n(j) = j**3 - 4*j**2 - 6*j + 7. Let w be n(5). Let v(s) = 1 + 2*s**2 + 0*s**2 - s**3 - 4*s**2 + 3*s**w. What is v(0)?
1
Let g(a) = a**2 - 5*a + 3. Suppose 0 = k + 3, -5*v + 22 = k + 5. What is g(v)?
-1
Suppose 3*i + 10 = 7. Let n(m) = 22*m**3 + m**2 + m + 1. Give n(i).
-21
Let k(m) = m**2 + 4*m + 5. Suppose -1 = 3*j - 16. Let l = j + -4. Suppose -g - 6 = -l, -2*g + 10 = -5*d. What is k(d)?
5
Let v(s) = 5*s**2 + 3*s**2 - 4*s**2 - 5*s**2 + 3 - s. Let k(p) = -2*p + 9. Let b be k(6). Give v(b).
-3
Let w = -7 + 10. Suppose -f = -5*g - 8, -w*f + 5*g - 2 + 16 = 0. Let h(x) = -7*x**f + 3 - 3 - 1 - x. Give h(-1).
7
Let s(f) = -5*f**3 + 7*f**2 + 8. Let g(d) = -4*d**3 + 7*d**2 + d + 7. Let c(k) = -k**2 - 9*k + 6. Let m be c(-9). Let b(z) = m*g(z) - 5*s(z). Determine b(-6).
2
Let g = -5 - -3. Let j = -8 - -7. Let q(r) = 1. Let m(z) = z - 1. Let k(f) = j*m(f) - 3*q(f). Calculate k(g).
0
Let g(f) be the third derivative of 1/4*f**4 + 0 + f**2 - 1/60*f**5 + 1/6*f**3 + 0*f. Let u = -7 + 13. Calculate g(u).
1
Let j(p) = p**3 - 6*p**2 - 5*p - 7. Let b be j(7). Let s(y) = -y**3 + 7*y**2 - 4*y + 10. What is s(b)?
-18
Let h(k) be the third derivative of -k**4/24 + 7*k**3/6 + 4*k**2. Let y(t) = t**2 - 11*t. Let s be y(11). What is h(s)?
7
Let i(d) = d - 1. Let f = -5 + 8. Suppose f*g - 75 = -2*g. Suppose -g = 2*a - 7*a. Calculate i(a).
2
Let z(p) = -p - 5. Let h(n) be the first derivative of n**2/2 - 5*n - 33. Let i be 10/(-4)*(-4)/2. Let m be h(i). Give z(m).
-5
Let t(p) = -6*p + 4*p - 6 - 2 + 3*p. Let q be t(6). Let y(f) = -5*f - 6 - 1 + 4. Determine y(q).
7
Let b(d) be the third derivative of d**6/20 - d**3/6 + 20*d**2. Calculate b(1).
5
Let n(a) = -a**3 - 3*a + 0*a + 3 - 2*a**2 + 7*a**2. Let x(m) = -m**2 + 4*m + 3. Let f be x(4). Suppose -g = 2*g + 2*k - 18, -4*k = -f*g. Determine n(g).
7
Suppose -5*b + 26 = 3*q - 5*q, -3*q + 12 = b. Let d(x) = -x + 10. What is d(b)?
4
Suppose 0*n + 50 = 2*n. Suppose 5*h - v - n = -5*v, 4*h + 3*v = 20. Let i(r) = -2*r - 1. Give i(h).
-11
Let x(d) = 2*d**2 + 66*d - 1. Let o be x(-33). Let g(f) = -17*f + 1. What is g(o)?
18
Suppose 7 = -2*d - 5. Let m(u) = 2*u + 8. Determine m(d).
-4
Let l(s) = s**2 + 4*s - 3. Let m be l(-5). Suppose m = -4*n - 2*p - 4, -p + 15 = -4*n. Let u(d) = -4*d - 1. Determine u(n).
11
Suppose 0 = 4*f - 11 - 5. Let k(a) = a**2 + 4*a + 2. Let n be k(-4). Let t(w) = f*w + 2*w + n*w + 6 + w**2. Calculate t(-5).
-9
Let i(x) = 19*x**2 + x**3 - 26*x**2 + x - 2*x - 5 + 8*x. Suppose -3 = -3*q + 15. Determine i(q).
1
Let u(b) = -2*b**2 + 0*b**2 + 0*b**2 - 4 - b + b**2. Determine u(0).
-4
Let d(k) = 6*k**3 + 2*k**2 - 1. Suppose r = 6*r + 5. Give d(r).
-5
Suppose -2*j - 2*j - o = -3, -5*o - 25 = 0. Let i be (3/(-3))/3*-9. Let f(m) = -3*m - 5*m + i*m + 3. What is f(j)?
-7
Let a(g) be the third derivative of g**5/120 - g**4/24 + g**3/2 - 2*g**2. Let m(h) be the first derivative of a(h). Calculate m(4).
3
Let i = 1 + -1. Let t(m) be the first derivative of -1/2*m**2 + 8*m + 1 + 1/3*m**3. What is t(i)?
8
Let k(j) = -3 + 2 + j - 4 - 1. Let y be k(7). Let c(l) = -l**2 + 2*l**2 + 4*l - y + 3. What is c(-3)?
-1
Suppose 7 = -h + 8. Let j(d) = -4*d**3 - 2*d + 1. What is j(h)?
-5
Let j(x) = -4*x - 83. Let d be j(-21). Let p(i) = -5*i**3 + i - 1. Determine p(d).
-5
Let s(g) = 2*g**2 + 6*g + 6. Let d(f) = f**3 - 4*f**2 + 3*f - 4. Let y be d(3). Calculate s(y).
14
Let g(p) = -p**3 + 4*p**2 - 3*p + 2. Suppose 8*t = 7 + 9. Determine g(t).
4
Let k(i) = -2*i + 3. Suppose j + 5 = 2*p - 1, -4*j + 4*p = 12. Suppose t + j = 2. Calculate k(t).
-1
Let l(n) = -n**2 - n + 1. Let h(f) = -2*f**2 + 2. Let x(d) = -h(d) + 3*l(d). Let b = 11 - 15. What is x(b)?
-3
Let l(q) be the third derivative of q**4/24 - 4*q**2. Give l(4).
4
Let f(d) = 4*d**2 + 28*d + 33. Let h(v) = -v**2 - 7*v - 8. Let i(t) = -2*f(t) - 9*h(t). Determine i(-4).
-6
Let i = 1 + -2. Let